3) to base 13
-4
What is -11011 (base 2) in base 5?
-102
-5 (base 9) to base 16
-5
What is -2 (base 10) in base 6?
-2
What is 14 (base 7) in base 14?
b
23 (base 9) to base 14
17
Convert 8 (base 11) to base 9.
8
6 (base 14) to base 5
11
1 (base 11) to base 14
1
What is 0 (base 2) in base 12?
0
Convert 3 (base 4) to base 11.
3
Convert -2 (base 7) to base 3.
-2
11001 (base 2) to base 13
1c
What is 16 (base 8) in base 2?
1110
What is -9 (base 10) in base 12?
-9
What is -42 (base 11) in base 4?
-232
What is 115 (base 8) in base 6?
205
What is 79 (base 12) in base 10?
93
116 (base 8) to base 10
78
Convert -2 (base 10) to base 13.
-2
Convert 13 (base 8) to base 6.
15
What is 18 (base 14) in base 8?
26
What is 2 (base 10) in base 6?
2
What is 85 (base 9) in base 16?
4d
Convert 20 (base 8) to base 16.
10
Convert -5a (base 15) to base 2.
-1010101
Convert -53 (base 11) to base 7.
-112
-20 (base 4) to base 16
-8
What is -301 (base 6) in base 8?
-155
-18 (base 14) to base 2
-10110
What is -1031 (base 6) in base 16?
-eb
Convert 34 (base 5) to base 13.
16
What is 12 (base 11) in base 6?
21
What is -2 (base 3) in base 11?
-2
What is -34 (base 6) in base 13?
-19
What is 42 (base 11) in base 2?
101110
Convert -1 (base 14) to base 9.
-1
Convert -60 (base 8) to base 7.
-66
-1412 (base 5) to base 4
-3220
Convert 2233 (base 4) to base 5.
1200
-6 (base 8) to base 15
-6
-123 (base 16) to base 8
-443
Convert -12d (base 15) to base 10.
-268
Convert -1001 (base 2) to base 6.
-13
Convert 9 (base 13) to base 12.
9
30 (base 5) to base 2
1111
What is -10 (base 7) in base 11?
-7
-42 (base 12) to base 4
-302
-17 (base 8) to base 15
-10
Convert -13 (base 11) to base 16.
-e
Convert 402 (base 5) to base 14.
74
What is 105 (base 9) in base 8?
126
51 (base 10) to base 6
123
What is 0 (base 16) in base 7?
0
-1e (base 16) to base 6
-50
What is 76 (base 11) in base 4?
1103
Convert -1 (base 7) to base 5.
-1
What is 4 (base 16) in base 12?
4
Convert a3 (base 15) to base 7.
306
Convert 63 (base 15) to base 10.
93
-20021 (base 3) to base 8
-251
Convert -12 (base 3) to base 4.
-11
Convert 32 (base 14) to base 13.
35
Convert 190 (base 14) to base 12.
22a
Convert -10 (base 4) to base 14.
-4
-10d (base 14) to base 6
-545
What is -2011 (base 3) in base 8?
-72
What is 1232 (base 4) in base 15?
75
Convert 202 (base 3) to base 15.
15
What is 178 (base 9) in base 6?
412
11 (base 13) to base 7
20
262 (base 12) to base 16
16a
-3 (base 4) to base 8
-3
-213 (base 4) to base 7
-54
What is 2f (base 16) in base 5?
142
What is 11 (base 3) in base 13?
4
What is -16 (base 14) in base 9?
-22
What is 1100001 (base 2) in base 8?
141
What is 2b (base 12) in base 2?
100011
What is f2 (base 16) in base 12?
182
What is 25 (base 6) in base 12?
15
What is 7 (base 14) in base 13?
7
What is -10111 (base 2) in base 10?
-23
-11000 (base 2) to base 15
-19
Convert 4 (base 14) to base 8.
4
What is -2 (base 9) in base 7?
-2
What is -243 (base 6) in base 15?
-69
What is -22 (base 11) in base 5?
-44
What is -2d (base 14) in base 2?
-101001
-122 (base 4) to base 3
-222
What is -154 (base 7) in base 6?
-224
-2 (base 15) to base 7
-2
What is 122 (base 4) in base 11?
24
What is 0 (base 15) in base 6?
0
-2 (base 16) to base 12
-2
Convert -100 (base 2) to base 7.
-4
Convert 2 (base 16) to base 6.
2
What is -1 (base 7) in base 12?
-1
31 (base 11) to base 8
42
What is -144 (base 13) in base 8?
-341
-23 (base 11) to base 8
-31
-34 (base 5) to base 3
-201
What is 13 (base 15) in base 10?
18
Convert 440 (base 6) to base 2.
10101000
What is -2110 (base 3) in base 12?
-56
Convert -4 (base 7) to base 8.
-4
Convert 20 (base 12) to base 7.
33
2 (base 16) to base 4
2
What is -4 (base 15) in base 6?
-4
Convert 2 (base 13) to base 8.
2
Convert -ba (base 12) to base 10.
-142
21 (base 8) to base 11
16
Convert -121 (base 3) to base 4.
-100
Convert -9 (base 16) to base 10.
-9
201 (base 3) to base 11
18
-30 (base 9) to base 15
-1c
Convert -201 (base 3) to base 8.
-23
5 (base 15) to base 4
11
12 (base 6) to base 2
1000
2340 (base 5) to base 6
1333
What is -33 (base 7) in base 9?
-26
Convert -11 (base 4) to base 15.
-5
-3 (base 13) to base 16
-3
Convert -3 (base 15) to base 2.
-11
What is -15 (base 10) in base 11?
-14
What is -12b (base 12) in base 2?
-10110011
What is 5 (base 10) in base 15?
5
105 (base 13) to base 2
10101110
-2 (base 14) to base 15
-2
Convert 50 (base 12) to base 4.
330
What is -13 (base 4) in base 14?
-7
Convert -2 (base 3) to base 13.
-2
111111 (base 2) to base 9
70
11 (base 2) to base 11
3
-19 (base 12) to base 2
-10101
What is -10 (base 16) in base 9?
-17
What is -1031 (base 5) in base 9?
-166
Convert -1 (base 6) to base 7.
-1
What is -210 (base 4) in base 13?
-2a
0 (base 11) to base 7
0
What is 0 (base 2) in base 9?
0
Convert 2 (base 13) to base 10.
2
10 (base 4) to base 5
4
What is -2 (base 8) in base 5?
-2
-3 (base 16) to base 2
-11
Convert 11 (base 3) to base 9.
4
Convert -2001 (base 3) to base 14.
-3d
What is -110111 (base 2) in base 10?
-55
What is -82 (base 10) in base 4?
-1102
Convert -84 (base 14) to base 4.
-1310
Convert -11 (base 7) to base 14.
-8
What is 0 (base 10) in base 16?
0
Convert 121 (base 5) to base 11.
33
1101 (base 2) to base 10
13
Convert -1 (base 2) to base 12.
-1
Convert 9 (base 16) to base 13.
9
What is -1220 (base 3) in base 2?
-110011
Convert 10e (base 15) to base 2.
11101111
Convert -4 (base 15) to base 16.
-4
-21 (base 4) to base 12
-9
What is 15 (base 9) in base 16?
e
-111 (base 4) to base 15
-16
What is -87 (base 11) in base 5?
-340
What is -50 (base 10) in base 8?
-62
15 (base 11) to base 4
100
78 (base 14) to base 8
152
Convert 4 (base 11) to base 13.
4
Convert 5 (base 7) to base 13.
5
120 (base 3) to base 2
1111
What is 20 (base 7) in base 9?
15
Convert 7b (base 12) to base 4.
1133
Convert -2103 (base 5) to base 15.
-138
What is 0 (base 14) in base 5?
0
What is 1b (base 16) in base 7?
36
3 (base 4) to base 8
3
What is -10010 (base 2) in base 3?
-200
Convert -313 (base 6) to base 14.
-85
What is 4 (base 6) in base 9?
4
Convert -131 (base 4) to base 11.
-27
What is -298 (base 10) in base 8?
-452
What is -9 (base 11) in base 16?
-9
-6 (base 12) to base 4
-12
-10002 (base 3) to base 11
-76
Convert -2 (base 8) to base 5.
-2
What is -2 (base 12) in base 4?
-2
What is -110 (base 2) in base 5?
-11
-7a (base 16) to base 15
-82
66 (base 15) to base 6
240
-50 (base 12) to base 7
-114
Convert 2a (base 16) to base 4.
222
4 (base 14) to base 11
4
What is -18 (base 11) in base 4?
-103
-27 (base 11) to base 5
-104
What is 29 (base 16) in base 4?
221
What is 100110 (base 2) in base 13?
2c
Convert -3 (base 13) to base 12.
-3
What is -9 (base 10) in base 12?
-9
What is -3f (base 16) in base 11?
-58
What is 10010 (base 2) in base 9?
20
What is -3 (base 9) in base 12?
-3
Convert 8 (base 14) to base 7.
11
Convert -7 (base 13) to base 6.
-11
Convert -1 (base 4) to base 2.
-1
Convert 11 (base 2) to base 12.
3
What is -1 (base 7) in base 3?
-1
-1133 (base 5) to base 11
-143
Convert -1 (base 2) to base 14.
-1
0 (base 8) to base 2
0
What is 9 (base 13) in base 9?
10
Convert 2 (base 11) to base 5.
2
What is -12 (base 16) in base 5?
-33
Convert 20 (base 3) to base 10.
6
What is 1 (base 13) in base 14?
1
Convert -120 (base 6) to base 5.
-143
-19 (base 15) to base 7
-33
38 (base 13) to base 9
52
What is -7 (base 11) in base 16?
-7
Convert 2 (base 12) to base 8.
2
Convert 1 (base 13) to base 5.
1
-11 (base 3) to base 8
-4
Convert 0 (base 6) to base 15.
0
Convert 4 (base 8) to base 10.
4
What is 101000001 (base 2) in base 6?
1253
What is -2 (base 11) in base 10?
-2
Convert 5 (base 10) to base 13.
5
Convert 92 (base 15) to base 9.
162
What is 1010 (base 2) in base 7?
13
Convert 222 (base 8) to base 14.
a6
Convert -10010 (base 2) to base 4.
-102
e (base 16) to base 4
32
What is -32 (base 4) in base 15?
-e
Convert -8 (base 13) to base 9.
-8
Convert -213 (base 11) to base 2.
-100000000
100 (base 2) to base 16
4
What is 311 (base 5) in base 3?
10000
What is 1001 (base 2) in base 5?
14
-13 (base 14) to base 2
-10001
Convert 37 (base 11) to base 14.
2c
Convert 10 (base 3) to base 12.
3
Convert -2 (base 11) to base 5.
-2
What is 0 (base 5) in base 11?
0
20 (base 9) to base 8
22
What is 65 (base 16) in base 3?
10202
Convert -111